4
Let v(q) = 4*q**2 - q**2 - 7*q**2 + 2*q**2 - q. What is v(-2)?
-6
Let v(w) = -w**3 - 16*w**2 + w + 19. Let q be v(-16). Let j(l) = -4*l - 4. Determine j(q).
-16
Let b(d) = 5*d**2 + d - 2 + 1 - 4*d**2 + d**3. Let z(y) = y**3 + 2*y**2 + y + 2. Suppose -5*s + 4*h + 1 = -1, s = 5*h + 13. Let w be z(s). Calculate b(w).
-1
Suppose -3*w + 2*w + 2 = 0. Let n(v) = v**w + v + 0*v - 2*v. Let i = 2 + -3. What is n(i)?
2
Let a(l) be the second derivative of -l**3/6 + 6*l**2 - 11*l. Calculate a(7).
5
Let k(q) = q**3 + 4*q**2 + 2*q - 2. Let r be (-6)/1 + 1 + -2 + 4. Calculate k(r).
1
Let y be 8/(8/3) + (-6)/1. Let m(a) = -a - 3. What is m(y)?
0
Suppose -4*d + 4 = -3*d. Let h(f) be the third derivative of 7*f**4/12 - f**3/3 - f**2. Let z(r) = -5*r + 1. Let t(q) = d*h(q) + 11*z(q). Give t(-2).
1
Let p(a) = -5*a + 2. Let d(i) = -11*i + 3. Let l(c) = 6*d(c) - 13*p(c). Let m be l(-9). Let y(v) = 8*v. Determine y(m).
8
Let r(k) = 7*k - 1. Suppose 2 + 8 = -10*d. Give r(d).
-8
Let h(u) = u**3 + 3*u**2 - 5*u - 4. Let r be h(-4). Let l(a) = a**3 - 2*a**2 + a - 13. Let s(y) = -y**2 + y - 1. Let x(v) = -l(v) + 2*s(v). Give x(r).
11
Let d be 0*(-1)/2*-2. Suppose d*w - 5 = -5*w. Let k(j) = 6*j**2 - j + 1. Determine k(w).
6
Let g(q) = -5*q**2 - 3. Let u(p) = p**2. Let r(h) = -g(h) - 4*u(h). Calculate r(3).
12
Suppose 0 = 4*v - 16, -4*r + r - v = -19. Suppose 0 = r*m - 16 + 6. Let l(n) = n**2 + 4*n - 2*n**2 + 1 + m*n**2. Give l(-5).
6
Suppose 0 = 2*p + 3*u - 0 - 4, 5*p = u + 10. Suppose -4*m + 4*o = m + 13, 0 = p*m + 4*o - 6. Let h(b) = -6*b**2 + b + 1. Calculate h(m).
-6
Let i(g) = g - 8 - g + 6*g + 0*g. Let p(u) = 18*u - 23. Let x(q) = -11*i(q) + 4*p(q). Give x(3).
14
Let w(d) be the second derivative of 0 - 5/2*d**2 - 7/12*d**4 + 8*d + 1/20*d**5 + 0*d**3. Determine w(7).
-5
Let d(z) be the second derivative of z**8/6720 - z**7/630 + z**6/240 - z**5/30 - z**4/6 - z. Let u(i) be the third derivative of d(i). What is u(3)?
-4
Let d(h) = h**2 - 2*h - 2. Let s = 8 + -5. Let f be d(s). Let l(x) = x**3 + x**2 - x. Calculate l(f).
1
Let u(r) = r**2 - 7*r + 8. Let w be u(6). Let x(p) = 4*p - 2*p**2 + p**w - 2 - 3*p - 4*p. What is x(-4)?
-6
Let k(i) = i**3 + 3*i**2 - 2*i - 6. Let a be (3 - 0) + -3 + -4. Give k(a).
-14
Let c(d) = 0*d + 15 + 0*d - 13 + d**2. What is c(0)?
2
Let p(k) = k. Let y(f) = f**2 - 12*f + 5. Let c(h) = 4*p(h) + y(h). Let a(d) = 2*d**2 - 5*d + 2. Let z be a(3). Determine c(z).
-10
Let s be 6/(-9)*(-18)/4. Suppose c - 2 = -s. Let z(q) = 7*q**3 - q**2 - q. Determine z(c).
-7
Let j(y) = 2 - 5*y - 2 - 1 + 0. What is j(-1)?
4
Let f(d) = -5*d**2 + d - 2. Let v(b) = -11*b**2 + 2*b - 4. Suppose 4*s - 11 = 5. Let r(a) = s*v(a) - 9*f(a). Give r(2).
4
Let h(l) = -l**2 + 2*l + 3. Suppose 11 = -4*o + 3. Determine h(o).
-5
Let s(z) be the first derivative of -4*z**2 - z - 22. Give s(-1).
7
Let m(q) = 3*q + 3. Let k(w) = -7*w - 6. Let x(l) = 4*k(l) + 9*m(l). Determine x(8).
-5
Suppose 0 = -4*i + 10*i + 42. Let z(y) = -2*y - 8. Give z(i).
6
Suppose s + 13 = 2*s + 2*y, -5*y = -25. Let k(t) = 98*t + t**3 - t**3 + 10 - 7*t**2 - 96*t - t**s. Let g = 0 + -7. What is k(g)?
-4
Let n(l) = 4*l**3 - 3*l**2 + 3. Let r(o) = -3*o**3 + 4*o**2 - 4. Let g(u) = 2*n(u) + 3*r(u). Determine g(6).
-6
Suppose 39*y + 12 = 35*y. Let s(r) = r - 1. Calculate s(y).
-4
Let u be 15/(-6)*(-4)/10. Let j(y) = 8*y**2 - y. Give j(u).
7
Let f(o) = o**2 + o. Suppose 4*t + 3*y = 0, 2*y = 4*t - 14 - 6. Suppose 4*r - 2*h = t*h + 7, 4 = 4*h. Let a be 1/r*(0 + -3). Calculate f(a).
0
Let q(k) = -k**3 + 7*k**2 + 5*k - 2. Let p(y) = -y**3 + y**2 + y + 1. Let h(i) = -2*p(i) + q(i). Determine h(-3).
5
Let f be 72/42 - 4/(-14) - 6. Let v(i) = i**2 + 4*i - 1. Calculate v(f).
-1
Suppose 0 = 4*n - 18 - 2. Let o(k) = -5 + n + 5*k + k**3 - 13*k - 4 + 6*k**2. Calculate o(-7).
3
Let k(l) = 3*l**2 - 6*l + 2*l**3 + 1 - 7 - l**3. Let v be k(-4). Suppose 3*s = -v*z + 11, 5 + 1 = -3*z. Let f(b) = b**2 - 7*b + 4. Determine f(s).
-6
Let j(i) = -4 + 2*i - 12*i + 3 + 11*i. Let x = -9 + 5. Determine j(x).
-5
Let f(q) = 4*q**3 + q**2 + q - 1. Let z be 3/((-12)/8) - -3. Give f(z).
5
Let y(t) = -t**2 + 5*t - 1. Let g = 1 - -2. Suppose -5*m + 8 = -g*m. Give y(m).
3
Let b(l) = l**2 - 14*l + 5. Let r = 21 + -7. Let q be b(r). Let i(y) = y**3 - 5*y**2 - 2*y + 3. Determine i(q).
-7
Let a(z) be the first derivative of -2*z**2 - 2*z - 8. Calculate a(-4).
14
Let h be (-7)/3 - (-1)/3. Let g(k) = 2*k + 3. What is g(h)?
-1
Let m(l) = -2 + 7*l**2 - 5*l**2 + 3*l - l. Let d(h) = h - 11. Let g be d(6). Let j be (3 + g)/(-1 + 2). What is m(j)?
2
Let j(v) = -8 + v + 2 - 2*v + 2*v. Give j(-7).
-13
Let o(n) = n + 3. Let i be o(-7). Let v(w) = w**2 + 5*w. Determine v(i).
-4
Let u(v) be the second derivative of v**7/2520 - v**6/180 + v**4/6 - v. Let k(l) be the third derivative of u(l). Let x = 3 + 1. Give k(x).
0
Let w(m) be the second derivative of m**5/20 - m**4/4 + m. Let k(r) = r + 9. Let v = -4 - 2. Let i be k(v). Determine w(i).
0
Let w(y) = -6 + 4*y**2 + y**3 - 2*y**2 + 4*y**2. Suppose -o = 2*o + 18. Calculate w(o).
-6
Let z(g) = -g**2 - 5*g + 5. Let j(u) = -5*u**2 - 21*u + 21. Let w(x) = 2*j(x) - 9*z(x). Let h be (-156)/16 - 1/4. Let m be (-16)/h + 20/50. Calculate w(m).
-1
Suppose f = 2*b - 17, 3*b - 6*f - 43 = -f. Let l(u) = -11*u**2 + 2*u - 19. Let s(d) = 7*d**2 - 2*d + 13. Let j(w) = -5*l(w) - 8*s(w). What is j(b)?
-9
Let r(j) be the third derivative of j**6/120 + j**5/15 + j**4/12 + j**3/2 + 18*j**2. Determine r(-3).
6
Let y(q) = -4*q + 5*q - 1 + 1 + 1. Give y(1).
2
Let a be ((-13)/39)/((-1)/(-18)). Let n(l) = -l**2 - 9*l - 8. What is n(a)?
10
Let t(v) = 4*v + 35. Let q be t(-8). Let x(w) = -w**3 + 4*w**2 - 2*w + 4. Determine x(q).
7
Let l(x) be the third derivative of x**4/24 + x**3/6 - x**2. Let c be (2 - (2 - -8)) + 2. Let d = c - -11. What is l(d)?
6
Let l(a) = 2*a + 5. Let q be l(-4). Let z be (-3)/((-2)/(-4)*-1). Let k(x) = -2 - 5*x + 2 + z*x. Give k(q).
-3
Let l(a) = -4*a - 4. Suppose -1 = -2*m + 3*m. Let i(d) = -d. Let c(u) = m*l(u) + 3*i(u). Determine c(-4).
0
Let s(m) = m**3 + 10*m**2 - m - 9. Let w be s(-10). Let g(t) = t. What is g(w)?
1
Let f be (-8)/12*1*-3. Let h(c) be the third derivative of 5/24*c**4 - 1/60*c**5 - 1/2*c**3 - 2*c**f + 0 + 0*c. Calculate h(4).
1
Let q(t) be the first derivative of t**2/2 + 6*t + 10. Determine q(-8).
-2
Let c(y) = -y**2 - 3*y - 1. Suppose 3*v - 12 = -0, -5*v + 52 = 4*r. Suppose r = -4*n + 2*n. Determine c(n).
-5
Suppose -1 = -a + 1. Let l(c) = -7 + 3 + 2*c**2 - 2*c + 0*c**a. Suppose -2*m + 15 = 3*m. Give l(m).
8
Let r(v) = -v**2 + v + 1. Let h(a) = a**3 - 9*a**2 + 7*a + 7. Let y(b) = h(b) - 4*r(b). What is y(4)?
-1
Let j(k) = -k**3 + 8*k**2 - 5*k + 5. Let c(i) = -i**2 + i - 1. Let p(v) = -3*c(v) - j(v). Calculate p(5).
8
Let u(y) be the second derivative of -y**5/20 - 5*y**4/12 - y**3/6 - 5*y**2/2 + 5*y. Calculate u(-5).
0
Suppose -k - 2 = -3*k. Let i be (k + -6)*2/(-5). Let v(t) = 5*t**2 - 4*t**2 - 1 + 0 - 2*t. Calculate v(i).
-1
Let d(t) = t**2 - 2*t - 3. Let j(k) = -k**2 + 6*k - 3. Let u be j(4). Let g(v) = v**3 - 5*v**2 - 2. Let z be g(u). Give d(z).
5
Let l(v) = v**2 - 6*v + 1. Suppose 4*h - 5*p + 13 = 0, -4 = h - 3*p + 8. What is l(h)?
-8
Let u be 24/(-30)*(5 + 0). Let b(h) = -h**3 - 6*h**2 - 6*h - 1. Give b(u).
-9
Let a(q) = -q**3 - 1. Let w(i) = 5*i**3 + 13*i**2 + 29*i + 24. Let h(y) = 2*y**3 + 4*y**2 + 10*y + 8. Let t(n) = 8*h(n) - 3*w(n). Let l be t(8). Determine a(l).
-1
Let a(h) = 10*h**2 - 12*h. Let z(n) = n**2 - n. Let l(t) = -a(t) + 12*z(t). Determine l(-1).
2
Let d(l) = 2*l**3 - 3*l**2 + 3*l - 3. Let h be 0 + 3 - 0/(-1). Suppose 3*n - 1 + 2 = 4*k, k + 14 = -4*n. Let i be 9/3 - (h + k). Calculate d(i).
7
Let o(k) = k**2 + 6*k - 5. Let m be o(-7). Suppose m*u = -u + 15. Suppose -5*q + 0 = u. Let f(w) = -5*w**2 + 2*w + 1. Calculate f(q).
-6
Let p(a) = 7*a - 6. Let y(v) = -3*v + 3. Let c(x) = 2*p(x) + 5*y(x). Determine c(-6).
9
Suppose 2*j + 4 = -0*q - 4*q, 4*j + 15 = -q. Let n be q + -4 + (-12)/(-4). Suppose -6 = 3*u - n*u. Let b(t) = -t**3 - t**2 + 2*t + 2. What is b(u)?
2
Let b(o) = 5*o**2 + 9*o + 13. Let z(c) = -9*c**2 - 17*c - 25. Let w(g) = -11*b(g) - 6*z(g). Give w(5).
-3
Suppose 4*i = -2*c + 5*i, 2*c - 4*i = 0. Suppose 9 = 3*p - x, -2*p + c*p + 2*x + 10 = 0. Let t(b) = 8*b -